 478*d**3 - 6*d. Is v(-1) a composite number?
False
Let x be (-52)/(3/(-477)*2). Is ((-1)/2)/((-13)/x) a prime number?
False
Let o = 89013 - 52573. Suppose -19*u + o = -11*u. Is u a composite number?
True
Is 38442/36*-2*(-2 - 1) prime?
False
Suppose 1 = -4*r + o, 0 = -3*r + 4*o - 4 - 0. Let g be 4 - r/((-12)/(-4)). Is 14970/24 + (-3)/g a composite number?
True
Suppose 96951 = 4*n + 5*q, -7*n + 10*n - 72712 = -5*q. Is n a composite number?
False
Let n(b) = -b**2 + 0*b**2 - 3*b**2 - 2*b**2 - 5*b - 1. Let y be n(-6). Let h = -134 - y. Is h prime?
True
Let s be 2*(6/3)/1. Let i(l) = -l**3 + 5*l**2 - 3*l + 1. Let y be i(s). Suppose 2*z + 117 = y*z. Is z prime?
False
Let m = 2490 - -3711. Let z = -4402 + m. Is z a composite number?
True
Let y(s) = -392 + 389 + 55*s - 17*s. Is y(7) a prime number?
True
Suppose 2*x - 150 = 5*d, 5 = -d - 2*x - 13. Let v = d - -65. Is v prime?
True
Let g be (6/15)/((-2)/(-15)). Suppose 3*j = s + 159, 0*s + 265 = 5*j - g*s. Is j a prime number?
True
Let o = 665 - -3532. Is o prime?
False
Suppose 228565 = 6*s - 37541. Is s a prime number?
True
Let z = -1045 - -1830. Let j be 32/(-8) - 1*z. Is j*((-6)/2)/9 composite?
False
Let i(x) = -x**3 - x + 3*x - 3*x + 6*x**2 + 5. Let z be i(5). Let r = z + -14. Is r prime?
True
Let f = -29 - 2485. Let l = 4733 + f. Is l prime?
False
Suppose -17*s - 98222 + 466476 = 0. Is s prime?
False
Let m(u) = -4*u**3 - 5*u**2 + 7*u - 2. Let v(x) = -4*x**3 - 6*x**2 + 6*x - 3. Let j(b) = -3*m(b) + 2*v(b). Let a be j(4). Let r = a + 145. Is r prime?
False
Let k = -17 - -19. Suppose -3*b - k*c = 3*c, 2*c = b. Suppose b = 3*a + 6, -3*r + 4*a = -612 - 50. Is r prime?
False
Let s(r) be the first derivative of 51*r**2 - 39*r - 13. Is s(6) a composite number?
True
Suppose -h - 16 = -5*d, d - 5*h = 8 - 0. Suppose 2472 = d*j + 999. Is j a prime number?
True
Suppose -j + 4*w - 6719 = -40406, 0 = 2*j + 5*w - 67348. Is j a prime number?
True
Suppose -l + 96 = 2*l - 5*w, -4*l - 5*w + 93 = 0. Let y = l + 238. Is y a composite number?
True
Suppose -818*v + 803*v = -1435515. Is v prime?
True
Suppose -11*m = 10*m - 3159933. Is m composite?
False
Let p(y) be the second derivative of -y**4/8 + 13*y**3/6 + 5*y**2/2 + y. Let u(o) be the first derivative of p(o). Is u(-12) composite?
True
Let q be ((-84)/2)/((-2)/18). Let d = 1437 - q. Let l = d + -724. Is l composite?
True
Let a(w) = -107598*w - 181. Is a(-2) prime?
False
Let i(m) = 340*m + 221. Is i(29) a composite number?
True
Let f(z) be the third derivative of 79*z**5/12 - z**4/24 + z**3/6 + z**2 - 5. Is f(-1) a composite number?
False
Let w be (-2 + -2)*-1 + 61. Let b be 42341/w - 4/10. Suppose -3*l + b = -1038. Is l composite?
False
Suppose 2*m + 179 = 3*q - 0*m, -16 = 4*m. Is q prime?
False
Suppose 2*x - 5*u = 3*x - 542, -5*x - 3*u = -2798. Is x prime?
False
Let h(o) be the second derivative of 15*o**3/2 - 19*o**2/2 + o. Is h(6) a composite number?
False
Let f be 15/6 - 1/(-2). Suppose l = f*l - 4. Let w(d) = 89*d - 1. Is w(l) a composite number?
True
Suppose -d + 0 = -9. Let w(f) = f - 5. Let s be w(d). Suppose -4*a = 2*i + a - 311, 557 = s*i - 3*a. Is i composite?
True
Let w = -29 - -102. Suppose -125 = m + w. Let a = 283 + m. Is a a composite number?
True
Let w = -109 - -113. Let r(u) = 10*u**3 - 7*u**2 + 7*u + 1. Is r(w) a composite number?
False
Suppose 169 - 696 = g. Let a = g - -2410. Is a composite?
True
Suppose 0 = -2*q + 8 + 32. Suppose 4*v = -0*v + 5*t + q, 20 = -5*t. Suppose -5*y + 7 = -4*g - 56, v = -y - 3*g + 5. Is y composite?
False
Suppose -9*p = -16237 + 2638. Is p composite?
False
Let x(q) = -430*q - 5. Let i(f) = -f**3 - 6*f**2 - 4*f + 2. Let c be i(-5). Is x(c) a prime number?
False
Let p = 108388 + -72629. Is p prime?
True
Let c be (1*(-1 + -1))/(24/48). Is (982/4 - c)/((-1)/(-2)) composite?
False
Let d(g) = -g**3 - 33*g**2 + 73*g + 79. Is d(-42) a prime number?
True
Let n = -16 - -39. Is n*(-478)/(-18) - (-12)/54 composite?
True
Let x = -1854 - -4028. Is x prime?
False
Suppose 16*p - 24 = 8*p. Let n(j) be the second derivative of j**4/2 - j**3/6 + j**2 + 3*j. Is n(p) a composite number?
False
Let k(z) = -4*z**3 + z**2 + 3*z - 2. Let m = -11 + 7. Let n be k(m). Suppose 0 = -2*x - 2*w + n, 4*x + x - 637 = -w. Is x a prime number?
True
Suppose 5*k - 108290 = 4*z, -28*k + 26*k = -z - 43319. Is k a composite number?
True
Suppose 8*q = 41454 + 11434. Is q a prime number?
False
Let p(a) = a**2 - 11. Suppose 0 = -7*g + 2*g + 40. Is p(g) composite?
False
Is (21007/28)/((-9)/(-180)) a prime number?
False
Suppose d + 1106 = -2*d - 4*w, 374 = -d + 4*w. Let f = d - -1271. Is f a composite number?
True
Let b(r) = -r**2 - 2*r + 8. Let w be b(-4). Suppose w = -5*f + 5648 + 637. Is f composite?
True
Let u(p) = p**3 - 11*p + 7*p**2 + p**2 - 3 - 3. Let n be u(-7). Suppose 0 = -2*d - v + n + 257, -2*v = d - 181. Is d a composite number?
False
Suppose 5*c = 5*o + 12315, 2*o = -1 - 7. Is c composite?
False
Let q = -421 - -1148. Suppose -5*c + q = 3*l, l - 2*l = -c - 237. Is l a prime number?
True
Suppose -m + 560 = -3*b - 3*m, 2*b - 4*m = -384. Let y = 484 - 105. Let c = b + y. Is c composite?
False
Suppose 4*i = -5*m - 105, -2*i = m + 3*i + 21. Is 2588*(m/12)/(-7) a composite number?
False
Suppose 499 = -0*b + 3*b - 2*v, -2*b + 4*v + 330 = 0. Is b a prime number?
True
Let l(q) = -2*q**3 + 7*q**2 - 4*q + 6. Let x be l(3). Suppose -5*t - 4*f + 1356 = -x*t, -5*t = -2*f - 3366. Is t composite?
True
Suppose 2540 + 4652 = 8*n. Is n prime?
False
Let k be 2 + -5 + (-24)/(-4). Suppose -4*u + k*u = -184. Let m = u - 43. Is m composite?
True
Let x = -1638 + 2638. Suppose -11*g + x + 1101 = 0. Is g composite?
False
Let f(p) = 4*p - 7. Let l be f(3). Suppose -l*t - 10 = -5*d, -t + 0*t - 2*d = 2. Is (0 + t + 225)/1 prime?
True
Suppose 0 = -l + 2*w + 242, 0 = -2*l - 2*l - 3*w + 1012. Suppose 2*z = -j + l, 4*z - 260 = 2*j + 256. Is z composite?
False
Let d be ((-64)/4)/(0 - 1). Suppose l - 851 = -0*l + 3*q, -4*q - d = 0. Is l composite?
False
Suppose 12*l - 17471 - 12973 = 0. Is l a composite number?
True
Let h(f) = 151*f**2 - 9*f - 23. Let q be h(-4). Suppose -10*z + 3*z = -q. Is z a prime number?
True
Let t(d) = -4*d**2 - 4*d**2 + 15*d**3 - 16*d**3 + 4. Let h = 12 + -21. Is t(h) a composite number?
True
Suppose 0 = -68*v - 7570 + 36062. Is v composite?
False
Suppose 1129 + 3943 = 4*s - 4*a, 3*s + 3*a = 3816. Suppose 2*u = -4*f + s, 2*f + u = -2*u + 641. Suppose 0 = 3*j - 7*j + f. Is j a composite number?
False
Suppose 3*t + 268 - 3439 = 0. Let c = t - -202. Is c prime?
True
Let c(o) = -o**2 + 8 + 8*o + 2*o**2 + 1. Let v be c(-7). Suppose -2*a = -4*x + v*a + 356, 263 = 3*x - 4*a. Is x composite?
True
Let m(j) = -j**3 + 8*j**2 + 11*j - 15. Let x be m(9). Suppose -x*p = -6*p + 27. Let z = p + 310. Is z composite?
True
Suppose -22*d = -27*d + 19925. Is d composite?
True
Let m(z) = -z - 12. Let k be m(-17). Suppose t + 3*x = -10 + 35, 0 = -t - k*x + 15. Let c = t - -91. Is c composite?
False
Suppose -9*b + 31883 = -8*b + 2*v, 0 = -3*v. Is b composite?
False
Suppose 0 = -r - 5, 2*v = -3*v - 3*r. Suppose 1988 = 4*c + 2*w, -v*c = 2*c - 2*w - 2503. Is c a composite number?
False
Let t(p) = 203*p - 9. Is t(20) a prime number?
True
Let f(a) = -2*a**3 - 11*a**2 + 9*a + 9. Let v be f(-8). Suppose v = 2*c - 857. Is c a composite number?
False
Let s = -102 - -104. Suppose 1235 = 3*d + s*p, 2*p = -4*d + 8*d - 1656. Is d prime?
False
Suppose 36*l - 37*l = -3028. Suppose -7*m - l = -14501. Is m composite?
True
Suppose 0 = 59*v + 21*v - 765200. Is v a prime number?
False
Let i = -1041 - -1754. Is i prime?
False
Let u = -10858 - -16119. Is u prime?
True
Suppose 5*f + 34 = -61. Let r = f - -39. Suppose 0 = 4*o + r, -5*c + 0*o + 1560 = -5*o. Is c a composite number?
False
Suppose 4*v = -5*d + 6, d + 2 = -0*d. Is -4 + 1114 + 1 + v composite?
True
Let y = 182177 + -468. Is y composite?
True
Let g = -83 - -100. Let i(o) = -o**3 + 25*o**2 + 23*o - 34. Is i(g) a composite number?
True
Suppose f = 5, -4*w + 19566 = -2*f - 111876. Is w a composite number?
True
Suppose 4*q = -g + 35, -4*g + 25 = q - 175. Let z = 82 + g. Is z a composite number?
True
Let y(g) = g**3 + 5*g**2 + g - 1. Let r be y(-4). Suppose -15*z + r*z = -7572. Is z a composite number?
True
Let d(f) = -12*f**3 + 22*f**2 + 33. Is d(-1